3*n + 12 + 1. Let f be (25 - i)*(-2)/(-5). Calculate the highest common divisor of f and 36.
12
Suppose t - 2*x = -3*t + 56, -t - 5*x + 25 = 0. What is the highest common divisor of 45 and t?
15
Let y = -11 + 139. What is the highest common divisor of 4 and y?
4
Let j(x) = 4*x**3 - 2 - 3*x**3 - x - 2*x**2 + 4*x. Suppose -m = -1 - 1. Let h be j(m). What is the highest common divisor of 4 and h?
4
Let x be (-2)/6 + 4/3. Suppose -5*b = -4*f - 25, -f = b + x - 15. Let v = -3 - -6. Calculate the greatest common divisor of v and b.
3
Suppose 2*z + 328 = 4*j, -3*z + 6*z = -3*j + 228. What is the highest common divisor of j and 10?
10
Let q(n) = 3*n**3 + 2*n**2 - 2*n - 3. Let t = 12 + -9. Let i be q(t). Let y(d) = 10*d**2. Let s be y(1). What is the highest common divisor of s and i?
10
Suppose -5*i = 4*r - 788, 7*r + 458 = 3*i + 2*r. What is the greatest common divisor of i and 52?
52
Suppose s + 1 = 3. Let y be ((-90)/24)/(s/(-8)). Let a be (2/(-4))/(2/(-20)). Calculate the greatest common factor of a and y.
5
Let k(s) = -s**3 - 5*s**2 - 5*s - 4. Let p be k(-5). What is the greatest common factor of 21 and p?
21
Let v(n) = n**2 - 2*n - 5. Let q be v(-7). Calculate the highest common factor of q and 87.
29
Let k be (-10)/15 + 13/(-3). Let v = k + 11. Calculate the greatest common divisor of v and 6.
6
Let l(s) = 3*s**2 - 8*s - 11. Let o be l(8). Calculate the greatest common factor of o and 13.
13
Let t = 5 + 34. Calculate the highest common divisor of t and 13.
13
Let t(x) = -2*x + 5. Let z be t(-8). Suppose -v + z = 1. Calculate the greatest common divisor of v and 5.
5
Let v be 59/7 - 9/21. Let x = 6 - -6. What is the highest common divisor of v and x?
4
Suppose 48 = 4*k + 2*k. Let r = -10 - -22. What is the highest common divisor of k and r?
4
Let r be (-286)/(-6) + (3 - (-56)/(-21)). What is the highest common divisor of 32 and r?
16
Let f = 3 - 1. Suppose -28 = -9*i + 17. What is the greatest common factor of i and f?
1
Suppose -15 = k - 4*k. Suppose -2*r - k = 3. Let b(x) = -x**2 - 8*x - 2. Let n be b(r). Calculate the greatest common divisor of n and 112.
14
Suppose 10 = 5*o, -3*s = 5*o - 27 - 16. What is the highest common divisor of s and 55?
11
Suppose 0*f + 4*f = 0. Suppose f = 3*z + 7 - 25. Suppose u = -0*u + z. What is the highest common factor of u and 4?
2
Let i(j) = 2*j**2 + 3*j + 1. Let m be i(-2). Let x be 25/m - (-1)/(-3). Calculate the highest common factor of x and 72.
8
Let w be -3*(-5 + 186/(-9)). Calculate the greatest common factor of 7 and w.
7
Let i be 4/((-48)/567)*-4. What is the greatest common divisor of i and 7?
7
Let i be (2 + -1)/((-1)/(-17)). Let r(j) = i + 5 - 2*j + j. Let s be r(0). Calculate the highest common factor of 2 and s.
2
Let u(s) = -26*s - 11. Let t(n) = 9*n + 4. Let v(w) = -17*t(w) - 6*u(w). Let p be v(2). Calculate the highest common factor of p and 28.
4
Let z be (-3)/((-1)/1*1). Suppose 11 = j + 2*f - 2, -z*j - 1 = -2*f. What is the highest common divisor of 1 and j?
1
Let l = -123 - -130. Calculate the greatest common factor of 28 and l.
7
Suppose -4*u - 12 = -32. Suppose u*s + 9 = -16. Let n be 345/25 + (-1)/s. What is the highest common factor of 28 and n?
14
Suppose -m + 2*m - 5*h - 23 = 0, -3*h - 12 = 0. Let d = 141 + m. Let f = -33 - -51. What is the greatest common divisor of d and f?
18
Suppose -1 = -2*n + 9. Let x(c) = c**3 - 5*c**2 + 5. Let l be x(n). Suppose -k + 2*a = -72 - 71, -l*a = 20. What is the highest common divisor of 15 and k?
15
Let l(d) = 2*d**2 - 6*d. Let z be l(5). Let w be 105/30*10/7. What is the highest common factor of z and w?
5
Suppose -4*q - 3 = -23. Suppose 0 = -q*o + 63 - 3. Calculate the highest common factor of o and 3.
3
Suppose -2*r + 74 + 4 = 0. What is the greatest common divisor of r and 3?
3
Suppose -4*k = 2*y - 64, 95 = 3*y - 0*k + 5*k. What is the greatest common divisor of 15 and y?
15
Suppose 5*r = 5*b - 0*b - 445, -5*b + 2*r + 442 = 0. Suppose 2*v = n - 16, 2*n + n - b = -4*v. Calculate the greatest common divisor of n and 8.
8
Let x = 143 - 71. Suppose -z - 2*z + x = 2*a, -3*z = 3*a - 108. Calculate the greatest common divisor of 12 and a.
12
Let k = -16 + 42. Calculate the highest common factor of 130 and k.
26
Suppose 2*g - 7*g = -20. Let a be (-32)/(-14) - g/14. Calculate the greatest common divisor of a and 14.
2
Suppose 0 = 3*u - 3*g - 159, u = -g - 5 + 60. Suppose b = -2*b + u. Calculate the greatest common factor of b and 9.
9
Suppose -4*x - 58 = 22. Let m = 35 + x. Suppose 4*y - 83 = 37. What is the highest common factor of y and m?
15
Suppose -2*j + 7 = 9, 5*j = r - 9. Calculate the greatest common factor of 44 and r.
4
Let t = 4 - 5. Let f be 3 + t - -1*1. Let c be 6*(2 - (-10)/(-6)). What is the greatest common divisor of f and c?
1
Suppose 0*y - 2*x = 4*y - 254, 3*x = -5*y + 317. What is the highest common factor of y and 8?
8
Let f be (-15 - -20)/(1 + 0). Calculate the greatest common divisor of 180 and f.
5
Suppose 0 = -5*w + 1253 - 403. Suppose w = 2*g + 50. Suppose 4*o - 8*r - 80 = -3*r, -4*o + r = -64. What is the highest common factor of g and o?
15
Let b(u) = -u**3 + 10*u**2 - 8*u + 3. Let p be b(9). What is the highest common divisor of 228 and p?
12
Suppose 2*p = -7*p + 108. Calculate the highest common factor of p and 9.
3
Suppose 0 = o + 3*o - 4. Suppose o = -s + 9. What is the highest common factor of s and 8?
8
Let u(i) = -2*i - 4. Let g be u(-3). Let d be (1 - 9/g)*-2. Calculate the greatest common factor of d and 28.
7
Suppose 3*j - 7*j = -12. Suppose 2*p = -5*o + 9, o + j = -0*p - 2*p. What is the greatest common divisor of o and 3?
3
Let s(w) = -w**2 + 7*w + 3. Let o be s(7). Suppose -68 = -o*q - 4*v, q + 2*q - 71 = -v. Suppose 2*n = -0*n + q. What is the highest common factor of n and 8?
4
Let d be 126/(-12)*(-12)/9. What is the greatest common divisor of d and 14?
14
Let q(v) = -v**3 + 8*v**2 - 5*v + 7. Let k(w) = -4 + 1 - 4*w - w. Let r be k(-2). Let b be q(r). What is the highest common factor of 147 and b?
21
Let d be (-8)/(-3)*(-9)/(-6). Suppose -17 = -d*u - 5. Let k(l) = l**3 + l**2 + 2*l - 2. Let o be k(u). Calculate the highest common divisor of 60 and o.
20
Let g(f) = -f**3 - 2*f**2 + f - 15. Let h be g(-5). Calculate the greatest common factor of 11 and h.
11
Let b(g) be the third derivative of 4/3*g**3 + 0 - 1/24*g**4 + 0*g + 2*g**2. Let o be b(7). Calculate the greatest common divisor of 7 and o.
1
Let n = 105 - 63. Calculate the highest common divisor of 14 and n.
14
Let l = 38 + 10. What is the highest common divisor of 24 and l?
24
Suppose 12*n = 3*n + 153. Calculate the highest common divisor of 289 and n.
17
Let p be (1 + 1)/((-6)/(-9)). Let h = 13 - p. What is the highest common factor of 110 and h?
10
Let l = 11 + -7. What is the greatest common divisor of l and 4?
4
Let l(m) = 32*m**2 + 3*m - 2. Let o be l(1). What is the greatest common divisor of 297 and o?
33
Suppose -6*m + 10 = -m. Suppose -5*v + 2*o = -8, -o - m = -v + 2. Suppose 6 = -v*k + 2*k. What is the highest common divisor of k and 33?
3
Suppose 23 = 5*d + 3. Let l be 15*(d - 1)/(-3). Let g = l + 29. Calculate the highest common divisor of g and 112.
14
Let b(v) = v**3 - 7*v**2 + 8*v + 6. Let d be b(6). Let m be (3 - 0)/((-54)/(-36)). Calculate the highest common divisor of d and m.
2
Let d(r) = -r**3 - 5*r**2 + 11*r + 6. Let o be d(-8). Let n = 34 + -24. Calculate the greatest common factor of n and o.
10
Let j(w) = w**3 + 5*w**2 - 5*w + 7. Let i be j(-6). Suppose -5*u = -26 + 1. Calculate the highest common divisor of u and i.
1
Let h be (-392)/(-12) - (-1)/3. Let j = -13 + 18. Suppose -2*q = -j*v + 43 + 14, 3*q - 30 = -3*v. What is the greatest common divisor of v and h?
11
Let k(x) = -2 + 0 + 1 - x. Let r be k(-4). Suppose u = 4*c + 17, 2*c = -3*u + r*c + 18. What is the highest common divisor of u and 1?
1
Let y(w) = 0*w**2 - 3 + 5*w + 1 - w**2 - w**2 - w**3. Let f be y(-6). Calculate the greatest common factor of 14 and f.
14
Let c = 55 - 11. Calculate the highest common divisor of 44 and c.
44
Let t = 12 + 25. What is the greatest common factor of t and 148?
37
Let q be ((-5)/(-2))/((-2)/(-48)). Let i = 11 + 9. Calculate the highest common divisor of i and q.
20
Let f(a) = 84*a. Let k be f(2). What is the highest common factor o